 5*n - 23, -4*n + 3*n = 3*z + 5. Determine i(z).
-4
Let u(g) = -2*g - g + 9*g - 5*g + 8. Let b be u(-7). Let s(d) = 8*d - 1. Determine s(b).
7
Let n(r) = 11*r**3 + r - 1. Let i(z) = 2*z**2 - 2*z + 1. Let k be i(1). Determine n(k).
11
Let w(b) = -4*b**2 + 7*b**2 + 62 - 4*b - 2*b**2 - 67. Give w(4).
-5
Let l(o) = o**3 - 5*o**2 + o + 2. Let j(y) = -y**3 - 3*y**2 - 6*y - 4. Let i be j(-2). What is l(i)?
-10
Let r(k) be the first derivative of k**2 + k + 29. Suppose -5 = -0*f + f. Give r(f).
-9
Let g(n) = 2*n - 9. Suppose 17 = 3*d - 2*d + 2*j, 5*j = -d + 32. Calculate g(d).
5
Let x(l) = -2*l + 2. Let w(g) = -g**3 + 7*g**2 + 2. Let o be w(7). What is x(o)?
-2
Let c(n) be the first derivative of n**4/4 - 5*n**3/3 + 2*n**2 - n + 19. Give c(4).
-1
Suppose 0 = j - 0*j - 2. Let g(t) = -t - t + t + t**2 + 0*t + t**3. Calculate g(j).
10
Let g(m) = -m - 2. Let d be g(3). Let p(b) = 2 + 2*b + 0*b - 4*b - b**2 - 3*b. What is p(d)?
2
Let z(v) = -3*v - 9. Let s = -35 - -29. What is z(s)?
9
Suppose -3*b - 2*b - 15 = 0. Let y be ((2 - 1) + b)*-2. Let n(t) = -t - t - 3 + 4*t. Give n(y).
5
Let b(c) = -c**2 - c + 3. Suppose -6*a - 15 = 3. Determine b(a).
-3
Let k(s) = -5 - 4*s - s + 4*s. Let l(j) = j**2 + j + 1. Let t be l(-1). Let y = -4 - t. What is k(y)?
0
Let w(z) = 6*z**3 + z**2 - z + 1. Let i be (-6)/8 + (-35)/(-20). What is w(i)?
7
Let f(d) = d - 6. Let w(x) = -3*x + 19. Let u(p) = -7*f(p) - 2*w(p). Suppose -12 = o - 15. Determine u(o).
1
Let y(s) = -10*s + 6 + 0 + 8*s. Give y(5).
-4
Suppose 0 = -3*a - 5*z + 21, -14 = -0*a - a - 4*z. Let u(v) = v**3 - 2*v. Calculate u(a).
4
Let i(v) = v**2 - 2*v - 3. Suppose -4*q - 2*k = -4, 2 = -q - 3*q + k. Suppose -z + 4 = -q. Determine i(z).
5
Let l(f) = f + 4. Let j(h) = -2*h - 7. Let w(y) = 4*j(y) + 7*l(y). Determine w(7).
-7
Let c = -3 + 3. Let b be c*(-1 + (-9)/(-6)). Let w(o) = o - 1. Calculate w(b).
-1
Suppose -5*g = 3*l + 18, -3*g - 3*l = 5 + 7. Let v = g - -2. Let j(x) = -6*x - 1. Determine j(v).
5
Suppose -5*o + 57 = 2. Suppose -7*u + o*u - 16 = 0. Let h(k) = k**3 - 3*k**2 - 2*k - 5. Determine h(u).
3
Let l(i) = 1 + 0 - 2 + 2*i - i + 2*i**2. Give l(-2).
5
Let h(p) = -2*p**2 + p + 2. Suppose 6*w - 3*w + 11 = -4*o, 0 = -5*o + 4*w - 6. Give h(o).
-8
Let r(s) be the second derivative of s**4/12 - s**3/2 - 3*s**2/2 - s. Let f be -1*(-4)/(-12)*-15. Determine r(f).
7
Suppose 5*b - 4*b + 4*p + 7 = 0, 4*b - 4*p = 32. Let c(o) = -2*o + 3. Calculate c(b).
-7
Let n(o) = o**3 - 3*o**2 + 4*o - 4. Let u(x) = -x**3 + 5*x**2 + x - 2. Let h be ((-35)/21)/((-2)/6). Let z be u(h). Calculate n(z).
8
Let k(n) = -n**3 + 5*n**2 - 3 + n + 7*n + n - 2*n. Suppose 3*b - 12 = 6. Calculate k(b).
3
Let v(w) = -3*w**3 - 9*w**2 - 5*w + 10. Let z(a) = 2*a**3 + 8*a**2 + 4*a - 9. Let r(n) = -3*v(n) - 4*z(n). What is r(5)?
1
Let s(y) = y**3 - 3*y**2 - 4. Suppose -39 = -5*r - 19. Give s(r).
12
Let v(h) be the first derivative of -h**3/3 - 3*h**2 - 3*h - 2. Calculate v(-5).
2
Let x = -5 - 1. Let p(k) = -k**3 - 7*k**2 - 6*k + 3. What is p(x)?
3
Let n(w) = -6*w + 3. Let a(y) = 13*y - 6. Let q(r) = 4*a(r) + 9*n(r). Suppose -x - 33 = -5*z + x, 0 = -3*x - 12. Give q(z).
-7
Let z(c) = -c**3 + 2*c**2 + c + 2. Let j = 3 - 0. Suppose 0 = -j*a + 3*x + 26 - 2, 4*a = x + 17. Suppose -a*i + 13 = -w, -3*i + 5*w + 48 - 19 = 0. What is z(i)?
-4
Let d(g) = g**3 + g - 1. Let x(z) = 3*z**3 + 9*z**2 - 10*z - 16. Let o(v) = 2*d(v) - x(v). Calculate o(-10).
-6
Let q(j) = -j**3 - 2*j**2 - j - 2. Suppose 3*n + 2 - 29 = -3*a, 5*a = -2*n + 21. Suppose 3*r + r = -n. Determine q(r).
0
Let q(r) = -r. Suppose -2*i = -4*i - 5*v + 12, 0 = 5*i + 4*v - 47. Suppose 5*z = -4 - i. Let h be 2/(-2) + 3/z. Give q(h).
2
Let d be 1*(4 + (-475)/120). Let u(x) be the third derivative of 0*x**5 + 1/60*x**6 + 0 + 3*x**2 - d*x**4 - 1/6*x**3 + 0*x. Determine u(-1).
-2
Let p(y) be the second derivative of -2*y**3/3 - y**2/2 + 4*y. Give p(1).
-5
Let p(v) = v**3 + 4*v**2 - 5*v + 6. Suppose 6 = 3*n - 3*g, 4*n - 2*g + 0 + 2 = 0. Let m be 0/n + -4 + -1. Give p(m).
6
Let l = 41 - 47. Let h(x) = -x - 5. Give h(l).
1
Let g(s) = -6 - 37*s - s**3 + 1 + 36*s + 1. Suppose -2*f + 4*q + 5 = 17, -f = -3*q + 9. Calculate g(f).
-4
Let x(c) = 2*c**3 + 2*c**2 + 1. Let w(m) = m**3 + 2*m**2 - 2*m + 1. Let h be w(1). Suppose 3*y + 1 = 5*i - 10, -3*y - h*i = 4. Calculate x(y).
-7
Let n be (-2 - -2) + 4/2. Let u be (15/(-12))/(n/(-16)). Suppose -4*r = r - u. Let k(g) = g**2 - 2*g + 1. Determine k(r).
1
Let q(x) = x**3 + x**2 + x - 1. Let n(k) be the third derivative of -k**5/15 - k**4/8 + 8*k**2. Let s(b) = n(b) - q(b). Determine s(-3).
-5
Let m(i) = -3*i**3 + i**2 + 11*i - 7. Let w(c) = -2*c**3 + 6*c - 4. Suppose -5 + 1 = b. Let p(y) = b*m(y) + 7*w(y). Determine p(-2).
4
Suppose -3*n - b = b - 14, n + 3*b = 0. Let u(s) = s**3 - 7*s**2 + 4*s + 2. Determine u(n).
-10
Suppose -10 = -2*z - 5*d, 0*z = 2*z - 2*d + 18. Let t(m) = m**3 + 6*m**2 + 6*m - 3. Determine t(z).
-8
Let d(j) = -j**3 - 3*j**2 - j + 4. Suppose 7 = 3*w + 5*n - 22, -4 = -n. Let g = 23 - 11. Suppose w*u + g + 3 = -t, -2*t = -5*u - 14. Give d(t).
7
Let i(l) = -l**2 - 7*l - 5. Let n be 4/((-11)/3 - -3). Give i(n).
1
Suppose 0 = -i - 1 + 6. Let j = -6 + 10. Suppose -t = -i*d + 20, 0*d - j = -d. Let g(q) = q**2 - q. Determine g(t).
0
Let x(a) = -3*a**3 - 9*a**2 - 4*a + 6. Let p(o) = 16*o**3 + 46*o**2 + 20*o - 30. Let k(t) = -2*p(t) - 11*x(t). Determine k(-6).
6
Let s(y) = 3*y**2 + 3*y. Let t(v) = 3*v**2 - 14*v - 7. Let p be t(5). Determine s(p).
6
Let i(o) be the first derivative of -o**4/2 - o**3/3 + o**2/2 - 7. Determine i(1).
-2
Let a(l) be the first derivative of -l**2/2 - 7*l - 8. Determine a(-3).
-4
Suppose -14 = -2*z - 4. Let c(j) be the second derivative of -j**4/12 + 5*j**3/6 + 5*j**2/2 - 2*j. Give c(z).
5
Let g = 22 - 16. Let h(b) be the second derivative of b**5/20 - 7*b**4/12 + 2*b**3/3 + 7*b**2/2 + b. Give h(g).
-5
Suppose 0 - 4 = -4*y. Let u be y + 0 + 1 - -2. Let b(c) = -c + 7. Calculate b(u).
3
Suppose 2*a - a - 14 = -3*n, 4*a - 5 = 5*n. Let v(l) = -l**3 + 5*l**2 - 4. What is v(a)?
-4
Let j(q) = q**3 - 19*q - 1 - 19*q**2 + 24*q**2 + 11*q. What is j(-6)?
11
Let o(b) = -5*b**2 + 7*b + 9*b**3 - 8*b**3 - 8 + 4. Give o(4).
8
Let p(i) = -7*i**2 - 5 + 3*i**2 - 2*i + 5*i**2. Let a be p(5). Let n be 2/4*a/5. Let g(s) = -3*s - 1. Calculate g(n).
-4
Let w(t) = t**2. Let i(b) = -6 + 7*b**2 + 3 + 4 - b**2 + b. Let k(g) = -i(g) + 5*w(g). What is k(-2)?
-3
Let s(p) = -p**2 - 7 + p**2 - 7*p + p**2. Give s(7).
-7
Let d(b) = b**2 + 5*b + 2. Let g be d(-5). Suppose 3 = -2*m - h, -5 = m + g*h + 4. Let x(j) = 6*j**3 - j**2 - j + 1. Calculate x(m).
5
Let p(x) = -4 + 1 + 3*x + 0*x**2 + x**2. Let m(a) = -a**2 + 5*a - 2. Let z be m(3). Suppose 2*y = 5*i + 12, -2*y + 6*y = 5*i + z. Calculate p(y).
1
Let a(i) = i + 2. Suppose s - 5*k + 28 = 0, -50 = 2*s + s + 2*k. Let y = s - -10. Let f = y + 4. Give a(f).
-2
Let q(f) = -14*f**3 + f**2 + 17*f - 2. Let d(t) = 5*t**3 - 6*t + 1. Let u(r) = 11*d(r) + 4*q(r). Suppose 5*n + 0*n = -2*l + 25, 0 = -2*l. Calculate u(n).
-12
Let o be 3/(-3) - (4 - 1). Let m = 8 + o. Let v(u) = m + 13*u - 16*u - 4. Give v(1).
-3
Let p(c) = -c**3 + 9*c**2 - c + 8. Let m be p(9). Let v(y) = -15*y**3 + y**2 - 1. Determine v(m).
15
Let n(o) = -o + 1. Suppose 10 = -5*h, h - 5 = q + 5*h. Determine n(q).
-2
Let p(b) = -b**2 - 11*b - 6. Let o be p(-10). Let v(w) = -w**2 + 5*w - 4. Give v(o).
0
Let d(j) = j**3 - 6*j**2 + 6*j + 5. Suppose 3*f = 2*s - 16, 3*s - s - 18 = 4*f. Calculate d(s).
10
Suppose -2 = t + 2*g, -2*t - 6*g = -g + 6. Let c(m) = -2*m**3 - m**2 - 3*m + 1. Determine c(t).
-25
Let w(y) = -2*y**2. Let h(i) = -i**2 + i - 1. Let s(p) = -h(p) + w(p). Determine s(0).
1
Let p(f) = 6*f**3 - 3 - 7*f**3 - 3*f**2 + 1 + 5*f**2. Determine p(2).
-2
Let u(o) = o + 8. Let y = 3 - -6. Suppose 0 = -3*l + g - y - 16, 4*g = 2*l + 10. Let r be u(l). Let i(m) = 5*m - 1. Give i(r).
-6
Suppose -7*q + 2*q = -5. Let m(a) = 11*a. What is m(q)?
11
Let u = 7 - 4. Let x = u + -2. Let t(q) = q**3 - q**2 - q - 1. Let w(j) = -3*j**3 - 4*j - 1. Let k(l) = 2*t(l) - w(l). What is k(x)?
4
Let j(t) be the first derivative of t**4/4 + 4*t**3/3 - 5*t**2/2 - 6*t + 15. Determine j(-5).
-6
Let b(c) be the third derivative of -c**5/20 - c**4/24 + 10*c**2. What is b(-2)?
-10
Let t be -1 